Suppose -r - r = 0, 5*p - 2*r = 20. Suppose 4*d - 6 - 6 = 0. Calculate the remainder when d is divided by (2 + -1)/(p/8).
1
Let x(o) = o**3 - 3*o**2 - 5*o - 4. Let r be (-16)/24*30/(-4). What is the remainder when x(r) is divided by 6?
3
Let g(x) = 6*x + 1. Calculate the remainder when 3/(-9) - 164/(-6) is divided by g(1).
6
Suppose -2*j + 122 - 44 = -t, -5*t - 20 = 0. Suppose -3*i - 2*i + 50 = 0. Calculate the remainder when j is divided by i.
7
Let n be -1*(-4)/6*3. Suppose 0 = -5*m + n*m + 48. What is the remainder when 31 is divided by m?
15
Let h(a) = a**3 + 3*a**2 - 6*a - 1. Let i be h(-4). Let z = i + -7. Suppose -2*t + z*t = -38. Calculate the remainder when t is divided by 10.
9
Let s = 15 + 17. Let u(c) = -5*c + 1. Calculate the remainder when s is divided by u(-2).
10
Let l(i) = i**2 + 2. Let x be (1 - 1)/(3 - 2). Let c be l(x). Suppose c*g + 26 = 2*s - g, 0 = -3*g - 6. What is the remainder when 19 is divided by s?
9
Let g be 20/6*(-42)/(-5). Suppose 3*w - 20 = g. Let a = -7 + 16. What is the remainder when w is divided by a?
7
What is the remainder when 93 is divided by 25 - -4*3/(-12)?
21
Let l = -2 - -5. Suppose 0 = -4*f - 4, -l*m + 2*f = 3*f - 23. Calculate the remainder when ((-3)/6)/((-2)/88) is divided by m.
6
Let r(i) = -2*i**2 - 7*i. Let v be r(-5). What is the remainder when (-6)/(-21) - (-327)/7 is divided by (12 - 0)/(v/(-20))?
15
Suppose -67*a - 544 = -75*a. What is the remainder when a is divided by 23?
22
Suppose m + 2*m + 5*t - 149 = 0, 3*m - 3*t = 165. Suppose -2*v - m = -5*n + 2*v, -5*v = -15. Calculate the remainder when 38 is divided by n.
12
Let k(r) = -10*r**3 - r**2 + 2. Let f be k(2). Let d = -52 - f. Let a(o) = -o**3 - 4*o**2 - 3*o + 4. What is the remainder when d is divided by a(-4)?
14
Let k be (-2)/(-1 - 12/(-9)). What is the remainder when 3124/33 + 4/k is divided by 24?
22
Suppose 2*u + 111 = 3*u. Calculate the remainder when u is divided by 28.
27
Suppose -2*y + 30 = 5*j - 6*y, -4*j = y - 3. Suppose 0*c = j*c. Suppose -2*o + 18 + 18 = c. Calculate the remainder when 52 is divided by o.
16
Let v(z) = 2*z**2 + 5. Let q = -5 - 1. Let d be v(q). Let x = d + -47. What is the remainder when x is divided by 11?
8
Let w(g) = 3*g + 3. Suppose -13*a + 66 = -10*a. What is the remainder when a is divided by w(3)?
10
Suppose 96 = 4*u + p - 0*p, 2*u - 26 = 5*p. What is the remainder when u is divided by 12?
11
Suppose -z = g - 18, -17*g + 13*g = 2*z - 46. What is the remainder when 48 is divided by z?
9
Suppose 2*i + 2*i = -60. Let z = i - -22. Calculate the remainder when z is divided by 3.
1
Let v = 221 - 139. Calculate the remainder when v is divided by 17.
14
Let d = -6 - -9. Suppose 2*p = d*p + 11. Let u = p - -13. Calculate the remainder when u is divided by 1.
0
Calculate the remainder when 4 is divided by (12 + 0)*(-1)/(-4).
1
Suppose -v = 4*f - 23, -4*f + 39 - 13 = 2*v. Suppose -5*x + f*m + 230 = 0, -74 = -2*x - m + 9. Let n = -23 + x. What is the remainder when n is divided by 7?
6
What is the remainder when 164 is divided by (2 + -3 - 0) + 43?
38
Suppose -17*q + 485 = -1487. What is the remainder when q is divided by 15?
11
Let o(i) = i**2 - 13*i - 3. What is the remainder when o(17) is divided by 17?
14
Suppose -4*w = -5*u + 13 + 15, 0 = -u + 3*w - 1. Calculate the remainder when u is divided by 3.
2
Suppose -82 = -4*l + 6*l. Let j = 74 + l. What is the remainder when j is divided by 18?
15
Suppose 7*y = 4*y + 120. What is the remainder when y is divided by 22 - (-2*1)/(-2)?
19
Let h(z) = 39*z**2 + 17*z + 3. Let t(g) = -13*g**2 - 6*g - 1. Let b(f) = 6*h(f) + 17*t(f). Calculate the remainder when b(2) is divided by 14.
11
Let k(m) = m**2 - 12*m + 12. Let n(h) = -h**2 + 12*h - 13. Let i(j) = 5*k(j) + 6*n(j). What is the remainder when 26 is divided by i(8)?
12
Suppose 3*c - 10 - 2 = 0. Suppose -5*p + 4 = -c*p. Let n(k) = k**2 - 3*k - 1. Calculate the remainder when 7 is divided by n(p).
1
What is the remainder when (-3)/((-3)/267*3) is divided by 24?
17
Suppose 0 = -3*a - 32 + 149. Let z = 80 - a. What is the remainder when z is divided by 11?
8
Let h be (-60)/8 + 1/(-2). Suppose -5 - 3 = -d + 3*x, -4*x + 15 = d. Calculate the remainder when (30/h)/((-9)/48) is divided by d.
9
Suppose 0 = -5*b - o + 50, -4*b + 5*o = 4*o - 49. Calculate the remainder when 50 is divided by b.
6
Suppose 0*o = 3*o. Suppose o = 4*w - 6 - 6. Suppose 0 = -2*l - 0*v - 2*v - 2, l + w*v + 7 = 0. Calculate the remainder when 4 is divided by l.
0
Suppose 0 = 3*g - 38 + 119. What is the remainder when 2/4*1*6 is divided by (6/g)/(3/(-27))?
1
Suppose l - 13 - 15 = -a, -4*a = 5*l - 135. Calculate the remainder when 43 is divided by l.
20
Suppose -18*i = -14*i - 16. Calculate the remainder when 10 is divided by i.
2
Let v(q) = -2*q**3 - 3*q**2 - 2*q + 1. Suppose -5*b - 4 = 1. Let o(w) = 2*w - 1. Let k be o(b). What is the remainder when v(k) is divided by 18?
16
Let f = -26 - -61. Suppose -3*i - f = -8*i. Calculate the remainder when 13 is divided by i.
6
Let b = 107 + -65. Let c = b - 29. Calculate the remainder when 1*-1*(-36 - 1) is divided by c.
11
Suppose -6*v = 2*v - 16. Let y = 18 - 28. What is the remainder when ((-8)/y)/(2/10) is divided by v?
0
Let r = 6 - 6. Let f(j) = j + 4. What is the remainder when 9 - (1 + -1) - -1 is divided by f(r)?
2
Let m(y) = y**3 - y**2 - 4*y - 1. Suppose 4*s = 3*w + 13, -3*w + 3 = 3*s + 9. Let f(u) = 11*u**2 - u + 1. Calculate the remainder when m(4) is divided by f(s).
9
Let g(y) = y - 7. Calculate the remainder when g(9) is divided by (6/4)/((-6)/(-8)).
0
What is the remainder when 52 is divided by 627/76 + 3/4?
7
Calculate the remainder when 32 is divided by (-1134)/(-66) - 4/22.
15
What is the remainder when (-7 - -1)*((-58)/(-4))/(-1) is divided by 15?
12
Let l(b) = -3*b**2 + 5*b - 2*b**2 + 2 + b**3 - 3. Let v be l(4). Calculate the remainder when 3 is divided by (0 - -6)*v/9.
1
Suppose 5*h - 60 = -5*l, -2*l = -4*h + 2*l + 88. Calculate the remainder when 101 is divided by h.
16
Let z(x) be the first derivative of x + 1/2*x**2 + 2 + 1/3*x**3. What is the remainder when 2 is divided by z(-1)?
0
Let g = 0 + 0. Suppose -2*n + 2 = g, -2*n + 24 = 3*l + n. What is the remainder when 25 is divided by l?
4
Suppose -30*g + 112 = -28*g. What is the remainder when g is divided by 29?
27
Suppose -4*i + 50 = -3*u, -i + 7 = 2*u - 11. Calculate the remainder when 17 is divided by (i/3)/(-7)*-9.
5
Let v = 22 + -17. Calculate the remainder when 28 is divided by v + (-4 + 5 - -2).
4
Suppose -3*f - 4*d = -108, -f + 5*f - 2*d = 166. Suppose 3*i - 2*w - f = 0, -3*i - 4*w = -0*i - 28. What is the remainder when i is divided by 7?
5
Let n(v) = v**3 - v**2 - v + 5. Let c be 2/4 + 6/4. Suppose -2*l = -c*w - 8, 8 = 5*w + 3*l - l. Calculate the remainder when 14 is divided by n(w).
4
Let r = -8 + 19. Let m be 9 + (-4)/(-4) + -3. Suppose 3*h + 57 = 3*g, -3*g = -m*g - 4*h + 84. Calculate the remainder when g is divided by r.
9
Let b(l) = -l**3 - 5*l**2 + 5*l + 8. Suppose 6*i = 2*i - 24. Calculate the remainder when b(i) is divided by 4.
2
Let f(n) = 59*n**2 + 4*n + 2. Let w be f(-2). Suppose -2*q = -7*q - m - w, 2*q = 5*m - 65. Let l = q - -70. What is the remainder when l is divided by 13?
12
Suppose 5*q + 54 = -3*n, -4*n = 4*q - 7*n + 54. What is the remainder when -2 + (q + -1)*-2 is divided by 9?
6
Let s(y) = 3 - y**2 + 1 + 4 - 13*y. What is the remainder when s(-6) is divided by 26?
24
Suppose -3*k - 3*j = -2*j - 228, -k + 76 = -4*j. Suppose 3*m = m + k. What is the remainder when m is divided by 13?
12
Let p = -9 - -16. Calculate the remainder when 25 is divided by p.
4
Calculate the remainder when 137 is divided by ((-60)/90)/(-2*2/210).
32
Calculate the remainder when (-5)/(-30)*-8*-81 is divided by 22.
20
Calculate the remainder when 53 is divided by 520/30 - (-4)/6.
17
Suppose -11 = -5*h + 4, -5*h = 5*n. What is the remainder when (-4)/((-8)/78) - 0 is divided by (n/(-2))/((-21)/(-140))?
9
Let n = -27 - -103. Calculate the remainder when n is divided by 5 + -1 + 13 + 9.
24
Let n = 26 + -15. Let z(a) = 12*a - 5. Calculate the remainder when z(4) is divided by n.
10
Let n be (-1 + 21/(-6))*2. Calculate the remainder when ((-6)/n)/(4/78) is divided by 7.
6
Suppose -715 = -4*z - z. Suppose 2*s - 3*v = z, -v + 